{"id":162,"date":"2016-03-08T09:42:42","date_gmt":"2016-03-08T08:42:42","guid":{"rendered":"http:\/\/kirche-in-rieda.de\/?page_id=162"},"modified":"2016-03-08T13:30:42","modified_gmt":"2016-03-08T12:30:42","slug":"kdm-sachsen-anhalt-17","status":"publish","type":"page","link":"https:\/\/kirche-in-rieda.de\/?page_id=162","title":{"rendered":"KDM Sachsen-Anhalt 17"},"content":{"rendered":"<p>Aus &#8222;Beschreibende Darstellung der \u00e4lteren Bau- und Kunst-Denkm\u00e4ler der Provinz Sachsen, Heft 17 Kreis Bitterfeld&#8220; von 1893, Seite 67:<\/p>\n<p><img loading=\"lazy\" decoding=\"async\" class=\"wp-image-164 aligncenter\" src=\"https:\/\/kirche-in-rieda.de\/wp-content\/uploads\/2016\/03\/Text_Rieda_BKD-300x253.png\" alt=\"Text_Rieda_BKD\" width=\"661\" height=\"557\" srcset=\"https:\/\/kirche-in-rieda.de\/wp-content\/uploads\/2016\/03\/Text_Rieda_BKD-300x253.png 300w, https:\/\/kirche-in-rieda.de\/wp-content\/uploads\/2016\/03\/Text_Rieda_BKD-1024x865.png 1024w, https:\/\/kirche-in-rieda.de\/wp-content\/uploads\/2016\/03\/Text_Rieda_BKD-830x701.png 830w, https:\/\/kirche-in-rieda.de\/wp-content\/uploads\/2016\/03\/Text_Rieda_BKD-230x194.png 230w, https:\/\/kirche-in-rieda.de\/wp-content\/uploads\/2016\/03\/Text_Rieda_BKD-350x296.png 350w, https:\/\/kirche-in-rieda.de\/wp-content\/uploads\/2016\/03\/Text_Rieda_BKD.png 1358w\" sizes=\"auto, (max-width: 661px) 100vw, 661px\" \/><\/p>\n<p>Ver\u00f6ffentlicht mit freundlicher Genehmigung durch die Naumburger Verlagsanstalt.<\/p>\n<p><a href=\"javascript:history.back()\"> Zur\u00fcck <\/a><\/p>\n","protected":false},"excerpt":{"rendered":"<p>Aus &#8222;Beschreibende Darstellung der \u00e4lteren Bau- und Kunst-Denkm\u00e4ler der Provinz Sachsen, Heft 17 Kreis Bitterfeld&#8220; von 1893, Seite 67: Ver\u00f6ffentlicht mit freundlicher [&hellip;]<\/p>\n","protected":false},"author":1,"featured_media":0,"parent":0,"menu_order":0,"comment_status":"closed","ping_status":"closed","template":"","meta":{"footnotes":""},"class_list":["post-162","page","type-page","status-publish","hentry"],"_links":{"self":[{"href":"https:\/\/kirche-in-rieda.de\/index.php?rest_route=\/wp\/v2\/pages\/162","targetHints":{"allow":["GET"]}}],"collection":[{"href":"https:\/\/kirche-in-rieda.de\/index.php?rest_route=\/wp\/v2\/pages"}],"about":[{"href":"https:\/\/kirche-in-rieda.de\/index.php?rest_route=\/wp\/v2\/types\/page"}],"author":[{"embeddable":true,"href":"https:\/\/kirche-in-rieda.de\/index.php?rest_route=\/wp\/v2\/users\/1"}],"replies":[{"embeddable":true,"href":"https:\/\/kirche-in-rieda.de\/index.php?rest_route=%2Fwp%2Fv2%2Fcomments&post=162"}],"version-history":[{"count":5,"href":"https:\/\/kirche-in-rieda.de\/index.php?rest_route=\/wp\/v2\/pages\/162\/revisions"}],"predecessor-version":[{"id":168,"href":"https:\/\/kirche-in-rieda.de\/index.php?rest_route=\/wp\/v2\/pages\/162\/revisions\/168"}],"wp:attachment":[{"href":"https:\/\/kirche-in-rieda.de\/index.php?rest_route=%2Fwp%2Fv2%2Fmedia&parent=162"}],"curies":[{"name":"wp","href":"https:\/\/api.w.org\/{rel}","templated":true}]}}